{"id":338,"date":"2022-09-26T08:29:49","date_gmt":"2022-09-26T08:29:49","guid":{"rendered":"https:\/\/die-pension-auw.de\/impressum"},"modified":"2025-02-20T10:13:16","modified_gmt":"2025-02-20T10:13:16","slug":"mentions-legales","status":"publish","type":"page","link":"https:\/\/die-pension-auw.de\/fr\/mentions-legales","title":{"rendered":"Mentions l\u00e9gales"},"content":{"rendered":"\n<p>Propri\u00e9taire: Nicola Hieber<br\/>M\u00fchlenweg 8, D-54597 Auw bei Pr\u00fcm<br\/>Tel.: +49 (0) 151 15898814<br\/>E-Mail: <a href=\"mailto:info@die-pension-auw.de\" data-type=\"mailto\" data-id=\"mailto:info@die-pension-auw.de\">info@die-pension-auw.de<\/a><\/p>\n\n<p><strong>Num\u00e9ro d&rsquo;identification de la taxe sur le chiffre d&rsquo;affaires<\/strong> (conform\u00e9ment au \u00a7 27 a de la loi sur la taxe sur le chiffre d&rsquo;affaires)<br\/>DE340875699<\/p>\n\n<p><strong>Responsable du contenu <\/strong><br\/>Nicola Hieber (adresse ci-dessus)<\/p>\n\n<p><strong>Contenu<\/strong><\/p>\n\n<p>Tous les noms, termes, signes et graphiques utilis\u00e9s ici peuvent \u00eatre des marques ou des marques d\u00e9pos\u00e9es appartenant \u00e0 leurs propri\u00e9taires l\u00e9gaux. Les droits de toutes les marques et marques d\u00e9pos\u00e9es mentionn\u00e9es et utilis\u00e9es appartiennent exclusivement \u00e0 leurs propri\u00e9taires. L&rsquo;auteur ne garantit pas l&rsquo;actualit\u00e9, l&rsquo;exactitude, l&rsquo;exhaustivit\u00e9 ou la qualit\u00e9 des informations mises \u00e0 disposition. L&rsquo;auteur ne saurait \u00eatre tenu pour responsable des dommages mat\u00e9riels ou immat\u00e9riels caus\u00e9s par l&rsquo;utilisation ou la non-utilisation des informations pr\u00e9sent\u00e9es ou par l&rsquo;utilisation d&rsquo;informations erron\u00e9es ou incompl\u00e8tes, dans la mesure o\u00f9 il n&rsquo;est pas prouv\u00e9 que l&rsquo;auteur a commis une faute intentionnelle ou une n\u00e9gligence grave. Toutes les offres sont sans engagement et non contractuelles. L&rsquo;auteur se r\u00e9serve express\u00e9ment le droit de modifier, de compl\u00e9ter ou de supprimer des parties de pages ou l&rsquo;ensemble de l&rsquo;offre sans avis pr\u00e9alable, ou d&rsquo;en suspendre temporairement ou d\u00e9finitivement la publication.   <\/p>\n\n<p><strong>Liens<\/strong><\/p>\n\n<p>die-pension-auw.de contient des liens. En cas de renvois directs ou indirects \u00e0 des sites Internet \u00e9trangers (\u00ab hyperliens \u00bb) qui ne rel\u00e8vent pas de la responsabilit\u00e9 de l&rsquo;auteur, une obligation de responsabilit\u00e9 entrerait exclusivement en vigueur dans le cas o\u00f9 l&rsquo;auteur aurait connaissance des contenus et qu&rsquo;il lui serait techniquement possible et raisonnable d&#8217;emp\u00eacher l&rsquo;utilisation en cas de contenus ill\u00e9gaux. L&rsquo;auteur d\u00e9clare express\u00e9ment par la pr\u00e9sente qu&rsquo;au moment de l&rsquo;\u00e9tablissement des liens, aucun contenu ill\u00e9gal n&rsquo;\u00e9tait identifiable sur les pages \u00e0 relier. L&rsquo;auteur n&rsquo;a aucune influence sur la conception actuelle et future, les contenus ou la paternit\u00e9 des pages li\u00e9es\/associ\u00e9es. C&rsquo;est pourquoi il se distancie express\u00e9ment par la pr\u00e9sente de tous les contenus de toutes les pages li\u00e9es\/associ\u00e9es qui ont \u00e9t\u00e9 modifi\u00e9es apr\u00e8s l&rsquo;\u00e9tablissement des liens. Cette constatation s&rsquo;applique \u00e0 tous les liens et renvois plac\u00e9s au sein de la propre offre Internet ainsi qu&rsquo;aux inscriptions de tiers dans les livres d&rsquo;or, forums de discussion, r\u00e9pertoires de liens, listes de diffusion et toutes autres formes de bases de donn\u00e9es cr\u00e9\u00e9es par l&rsquo;auteur et dont le contenu peut \u00eatre modifi\u00e9 par des tiers. Seul le fournisseur de la page \u00e0 laquelle il a \u00e9t\u00e9 renvoy\u00e9 est responsable des contenus ill\u00e9gaux, erron\u00e9s ou incomplets et en particulier des dommages r\u00e9sultant de l&rsquo;utilisation ou de la non-utilisation des informations ainsi pr\u00e9sent\u00e9es, et non celui qui ne fait que renvoyer \u00e0 la publication concern\u00e9e par le biais de liens.     <\/p>\n\n<p><strong>Concept graphique et design<\/strong><br\/><a href=\"https:\/\/schneifel-media.de\" data-type=\"URL\" data-id=\"https:\/\/schneifel-media.de\" target=\"_blank\" rel=\"noreferrer noopener\">Schneifel Media<\/a><\/p>\n\n<p><strong>Mise en \u0153uvre technique<\/strong><br\/><a href=\"https:\/\/schneifel-media.de\" data-type=\"URL\" data-id=\"https:\/\/schneifel-media.de\" target=\"_blank\" rel=\"noopener\">Schneifel Media<\/a><\/p>\n\n<p><strong>Droit d&rsquo;auteur et droit des marques<\/strong><\/p>\n\n<p>L&rsquo;auteur s&rsquo;efforce de respecter dans toutes les publications les droits d&rsquo;auteur des images, graphiques, documents sonores, s\u00e9quences vid\u00e9o et textes utilis\u00e9s, d&rsquo;utiliser des images, graphiques, documents sonores, s\u00e9quences vid\u00e9o et textes qu&rsquo;il a lui-m\u00eame cr\u00e9\u00e9s ou de recourir \u00e0 des graphiques, documents sonores, s\u00e9quences vid\u00e9o et textes libres de droits. Certaines des images utilis\u00e9es proviennent de banques de donn\u00e9es photographiques, les droits sur ces images ont \u00e9t\u00e9 acquis. Toutes les marques et marques d\u00e9pos\u00e9es mentionn\u00e9es dans l&rsquo;offre Internet et \u00e9ventuellement prot\u00e9g\u00e9es par des tiers sont soumises sans restriction aux dispositions du droit des marques en vigueur et aux droits de propri\u00e9t\u00e9 des propri\u00e9taires enregistr\u00e9s respectifs. La simple mention d&rsquo;une marque ne permet pas d&rsquo;en d\u00e9duire qu&rsquo;elle n&rsquo;est pas prot\u00e9g\u00e9e par les droits d&rsquo;un tiers !  <br\/>Le copyright des objets publi\u00e9s et cr\u00e9\u00e9s par l&rsquo;auteur lui-m\u00eame reste la propri\u00e9t\u00e9 exclusive de l&rsquo;auteur des pages. Toute reproduction ou utilisation de tels graphiques, documents sonores, s\u00e9quences vid\u00e9o et textes dans d&rsquo;autres publications \u00e9lectroniques ou imprim\u00e9es est interdite sans l&rsquo;autorisation expresse de l&rsquo;auteur. <\/p>\n\n<p><strong>Origine des images<\/strong><\/p>\n\n<p>Toutes les images proviennent soit de photographies personnelles, soit d&rsquo;images de stock sous licence de Shutterstock, Adobe Stock ou Freepik et peuvent \u00eatre utilis\u00e9es sur ce site web conform\u00e9ment \u00e0 la licence acquise.<\/p>\n\n<p><strong>Validit\u00e9 juridique de la pr\u00e9sente clause de non-responsabilit\u00e9<\/strong><\/p>\n\n<p>La pr\u00e9sente exclusion de responsabilit\u00e9 doit \u00eatre consid\u00e9r\u00e9e comme faisant partie int\u00e9grante de l&rsquo;offre Internet \u00e0 partir de laquelle il a \u00e9t\u00e9 renvoy\u00e9 \u00e0 cette page. Si des parties ou certaines formulations de ce texte ne devaient pas, plus ou pas enti\u00e8rement correspondre \u00e0 la situation juridique en vigueur, les autres parties du document n&rsquo;en seraient pas affect\u00e9es dans leur contenu et leur validit\u00e9. <\/p>\n\n<p>Valable \u00e0 partir de novembre 2021<\/p>\n","protected":false},"excerpt":{"rendered":"<p>Propri\u00e9taire: Nicola HieberM\u00fchlenweg 8, D-54597 Auw bei Pr\u00fcmTel.: +49 (0) 151 15898814E-Mail: info@die-pension-auw.de Num\u00e9ro d&rsquo;identification de la taxe sur le chiffre d&rsquo;affaires (conform\u00e9ment au \u00a7 27 a de la loi sur la taxe sur le chiffre d&rsquo;affaires)DE340875699 Responsable du contenu Nicola Hieber (adresse ci-dessus) Contenu Tous les noms, termes, signes et graphiques utilis\u00e9s ici peuvent [&hellip;]<\/p>\n","protected":false},"author":1,"featured_media":0,"parent":0,"menu_order":0,"comment_status":"closed","ping_status":"closed","template":"","meta":{"_et_pb_use_builder":"off","_et_pb_old_content":"","_et_gb_content_width":"","footnotes":""},"class_list":["post-338","page","type-page","status-publish","hentry"],"_links":{"self":[{"href":"https:\/\/die-pension-auw.de\/fr\/wp-json\/wp\/v2\/pages\/338","targetHints":{"allow":["GET"]}}],"collection":[{"href":"https:\/\/die-pension-auw.de\/fr\/wp-json\/wp\/v2\/pages"}],"about":[{"href":"https:\/\/die-pension-auw.de\/fr\/wp-json\/wp\/v2\/types\/page"}],"author":[{"embeddable":true,"href":"https:\/\/die-pension-auw.de\/fr\/wp-json\/wp\/v2\/users\/1"}],"replies":[{"embeddable":true,"href":"https:\/\/die-pension-auw.de\/fr\/wp-json\/wp\/v2\/comments?post=338"}],"version-history":[{"count":3,"href":"https:\/\/die-pension-auw.de\/fr\/wp-json\/wp\/v2\/pages\/338\/revisions"}],"predecessor-version":[{"id":1931,"href":"https:\/\/die-pension-auw.de\/fr\/wp-json\/wp\/v2\/pages\/338\/revisions\/1931"}],"wp:attachment":[{"href":"https:\/\/die-pension-auw.de\/fr\/wp-json\/wp\/v2\/media?parent=338"}],"curies":[{"name":"wp","href":"https:\/\/api.w.org\/{rel}","templated":true}]}}

Mentions légales

<p>Propriétaire: Nicola Hieber<br/>Mühlenweg 8, D-54597 Auw bei Prüm<br/>Tel.: +49 (0) 151 15898814<br/>E-Mail: <a href="mailto:info@die-pension-auw.de" data-type="mailto" data-id="mailto:info@die-pension-auw.de">info@die-pension-auw.de</a></p>

<p><strong>Numéro d&rsquo;identification de la taxe sur le chiffre d&rsquo;affaires</strong> (conformément au § 27 a de la loi sur la taxe sur le chiffre d&rsquo;affaires)<br/>DE340875699</p>

<p><strong>Responsable du contenu </strong><br/>Nicola Hieber (adresse ci-dessus)</p>

<p><strong>Contenu</strong></p>

<p>Tous les noms, termes, signes et graphiques utilisés ici peuvent être des marques ou des marques déposées appartenant à leurs propriétaires légaux. Les droits de toutes les marques et marques déposées mentionnées et utilisées appartiennent exclusivement à leurs propriétaires. L&rsquo;auteur ne garantit pas l&rsquo;actualité, l&rsquo;exactitude, l&rsquo;exhaustivité ou la qualité des informations mises à disposition. L&rsquo;auteur ne saurait être tenu pour responsable des dommages matériels ou immatériels causés par l&rsquo;utilisation ou la non-utilisation des informations présentées ou par l&rsquo;utilisation d&rsquo;informations erronées ou incomplètes, dans la mesure où il n&rsquo;est pas prouvé que l&rsquo;auteur a commis une faute intentionnelle ou une négligence grave. Toutes les offres sont sans engagement et non contractuelles. L&rsquo;auteur se réserve expressément le droit de modifier, de compléter ou de supprimer des parties de pages ou l&rsquo;ensemble de l&rsquo;offre sans avis préalable, ou d&rsquo;en suspendre temporairement ou définitivement la publication.   </p>

<p><strong>Liens</strong></p>

<p>die-pension-auw.de contient des liens. En cas de renvois directs ou indirects à des sites Internet étrangers (« hyperliens ») qui ne relèvent pas de la responsabilité de l&rsquo;auteur, une obligation de responsabilité entrerait exclusivement en vigueur dans le cas où l&rsquo;auteur aurait connaissance des contenus et qu&rsquo;il lui serait techniquement possible et raisonnable d&#8217;empêcher l&rsquo;utilisation en cas de contenus illégaux. L&rsquo;auteur déclare expressément par la présente qu&rsquo;au moment de l&rsquo;établissement des liens, aucun contenu illégal n&rsquo;était identifiable sur les pages à relier. L&rsquo;auteur n&rsquo;a aucune influence sur la conception actuelle et future, les contenus ou la paternité des pages liées/associées. C&rsquo;est pourquoi il se distancie expressément par la présente de tous les contenus de toutes les pages liées/associées qui ont été modifiées après l&rsquo;établissement des liens. Cette constatation s&rsquo;applique à tous les liens et renvois placés au sein de la propre offre Internet ainsi qu&rsquo;aux inscriptions de tiers dans les livres d&rsquo;or, forums de discussion, répertoires de liens, listes de diffusion et toutes autres formes de bases de données créées par l&rsquo;auteur et dont le contenu peut être modifié par des tiers. Seul le fournisseur de la page à laquelle il a été renvoyé est responsable des contenus illégaux, erronés ou incomplets et en particulier des dommages résultant de l&rsquo;utilisation ou de la non-utilisation des informations ainsi présentées, et non celui qui ne fait que renvoyer à la publication concernée par le biais de liens.     </p>

<p><strong>Concept graphique et design</strong><br/><a href="https://schneifel-media.de" data-type="URL" data-id="https://schneifel-media.de" target="_blank" rel="noreferrer noopener">Schneifel Media</a></p>

<p><strong>Mise en œuvre technique</strong><br/><a href="https://schneifel-media.de" data-type="URL" data-id="https://schneifel-media.de" target="_blank" rel="noopener">Schneifel Media</a></p>

<p><strong>Droit d&rsquo;auteur et droit des marques</strong></p>

<p>L&rsquo;auteur s&rsquo;efforce de respecter dans toutes les publications les droits d&rsquo;auteur des images, graphiques, documents sonores, séquences vidéo et textes utilisés, d&rsquo;utiliser des images, graphiques, documents sonores, séquences vidéo et textes qu&rsquo;il a lui-même créés ou de recourir à des graphiques, documents sonores, séquences vidéo et textes libres de droits. Certaines des images utilisées proviennent de banques de données photographiques, les droits sur ces images ont été acquis. Toutes les marques et marques déposées mentionnées dans l&rsquo;offre Internet et éventuellement protégées par des tiers sont soumises sans restriction aux dispositions du droit des marques en vigueur et aux droits de propriété des propriétaires enregistrés respectifs. La simple mention d&rsquo;une marque ne permet pas d&rsquo;en déduire qu&rsquo;elle n&rsquo;est pas protégée par les droits d&rsquo;un tiers !  <br/>Le copyright des objets publiés et créés par l&rsquo;auteur lui-même reste la propriété exclusive de l&rsquo;auteur des pages. Toute reproduction ou utilisation de tels graphiques, documents sonores, séquences vidéo et textes dans d&rsquo;autres publications électroniques ou imprimées est interdite sans l&rsquo;autorisation expresse de l&rsquo;auteur. </p>

<p><strong>Origine des images</strong></p>

<p>Toutes les images proviennent soit de photographies personnelles, soit d&rsquo;images de stock sous licence de Shutterstock, Adobe Stock ou Freepik et peuvent être utilisées sur ce site web conformément à la licence acquise.</p>

<p><strong>Validité juridique de la présente clause de non-responsabilité</strong></p>

<p>La présente exclusion de responsabilité doit être considérée comme faisant partie intégrante de l&rsquo;offre Internet à partir de laquelle il a été renvoyé à cette page. Si des parties ou certaines formulations de ce texte ne devaient pas, plus ou pas entièrement correspondre à la situation juridique en vigueur, les autres parties du document n&rsquo;en seraient pas affectées dans leur contenu et leur validité. </p>

<p>Valable à partir de novembre 2021</p>

<p>Propriétaire: Nicola HieberMühlenweg 8, D-54597 Auw bei PrümTel.: +49 (0) 151 15898814E-Mail: info@die-pension-auw.de Numéro d&rsquo;identification de la taxe sur le chiffre d&rsquo;affaires (conformément au § 27 a de la loi sur la taxe sur le chiffre d&rsquo;affaires)DE340875699 Responsable du contenu Nicola Hieber (adresse ci-dessus) Contenu Tous les noms, termes, signes et graphiques utilisés ici peuvent [&hellip;]</p>
