{"id":339,"date":"2022-09-26T08:29:49","date_gmt":"2022-09-26T08:29:49","guid":{"rendered":"https:\/\/die-pension-auw.de\/impressum"},"modified":"2025-02-20T10:12:57","modified_gmt":"2025-02-20T10:12:57","slug":"pie-de-imprenta","status":"publish","type":"page","link":"https:\/\/die-pension-auw.de\/es\/pie-de-imprenta","title":{"rendered":"Pie de imprenta"},"content":{"rendered":"\n<p>Propietaria: Nicola Hieber<br\/>M\u00fchlenweg 8, D-54597 Auw bei Pr\u00fcm<br\/>Tel.: +49 (0) 151 15898814<br\/>E-Mail: <a href=\"mailto:info@die-pension-auw.de\" data-type=\"mailto\" data-id=\"mailto:info@die-pension-auw.de\">info@die-pension-auw.de<\/a><\/p>\n\n<p><strong>N\u00famero de identificaci\u00f3n a efectos del impuesto sobre el valor a\u00f1adido<\/strong> (de conformidad con el art\u00edculo 27 a de la Ley del impuesto sobre el valor a\u00f1adido)<br\/>DE340875699<\/p>\n\n<p><strong>Responsable del contenido<\/strong> <br\/>Nicola Hieber (direcci\u00f3n arriba indicada)<\/p>\n\n<p><strong>Contenidos<\/strong><\/p>\n\n<p>Todos los nombres, t\u00e9rminos, s\u00edmbolos y gr\u00e1ficos utilizados aqu\u00ed pueden ser marcas comerciales o marcas registradas en posesi\u00f3n de sus propietarios legales. El autor no asume ninguna responsabilidad por la actualidad, exactitud, integridad o calidad de la informaci\u00f3n facilitada. Quedan excluidas fundamentalmente las reclamaciones de responsabilidad contra el autor relativas a da\u00f1os materiales o inmateriales causados por el uso o no uso de la informaci\u00f3n facilitada o por el uso de informaci\u00f3n incorrecta o incompleta, a menos que existan pruebas de dolo o negligencia grave por parte del autor. Todas las ofertas son sin compromiso y no vinculantes. El autor se reserva expresamente el derecho a modificar, completar o eliminar partes de las p\u00e1ginas o la oferta completa sin previo aviso o a suspender la publicaci\u00f3n temporal o definitivamente.   <\/p>\n\n<p><strong>Enlaces<\/strong><\/p>\n\n<p>die-pension-auw.de contiene enlaces. En el caso de referencias directas o indirectas a p\u00e1ginas web externas (\u00abhiperv\u00ednculos\u00bb) que se encuentren fuera del \u00e1mbito de responsabilidad del autor, s\u00f3lo entrar\u00eda en vigor una obligaci\u00f3n de responsabilidad en el caso de que el autor tuviera conocimiento de los contenidos y le fuera t\u00e9cnicamente posible y razonable impedir el uso en caso de contenidos ilegales. Por la presente, el autor declara expresamente que en el momento de crear los enlaces no era reconocible ning\u00fan contenido ilegal en las p\u00e1ginas enlazadas. El autor no tiene influencia alguna sobre el dise\u00f1o actual y futuro, los contenidos o la autor\u00eda de las p\u00e1ginas enlazadas. Por ello, el autor se distancia expresamente de todos los contenidos de todas las p\u00e1ginas enlazadas que hayan sido modificados despu\u00e9s de la creaci\u00f3n del enlace. Esta declaraci\u00f3n se aplica a todos los enlaces y referencias establecidos dentro de la propia p\u00e1gina web del autor, as\u00ed como a las entradas de terceros en libros de visitas, foros de discusi\u00f3n, directorios de enlaces, listas de correo y todas las dem\u00e1s formas de bases de datos creadas por el autor a cuyo contenido sea posible acceder mediante escritura externa. La responsabilidad por contenidos ilegales, incorrectos o incompletos y, en particular, por los da\u00f1os derivados del uso o no uso de dicha informaci\u00f3n recae exclusivamente en el proveedor de la p\u00e1gina a la que se hace referencia, y no en la persona que simplemente remite a la publicaci\u00f3n respectiva a trav\u00e9s de enlaces.     <\/p>\n\n<p><strong>Concepto y dise\u00f1o gr\u00e1fico<\/strong><br\/><a href=\"https:\/\/schneifel-media.de\" data-type=\"URL\" data-id=\"https:\/\/schneifel-media.de\" target=\"_blank\" rel=\"noreferrer noopener\">Schneifel Media<\/a><\/p>\n\n<p><strong>Realizaci\u00f3n t\u00e9cnica<\/strong><br\/><a href=\"https:\/\/schneifel-media.de\" data-type=\"URL\" data-id=\"https:\/\/schneifel-media.de\" target=\"_blank\" rel=\"noopener\">Schneifel Media<\/a><\/p>\n\n<p><strong>Derecho de autor y marcas<\/strong><\/p>\n\n<p>El autor se esfuerza por respetar los derechos de autor de las im\u00e1genes, gr\u00e1ficos, documentos sonoros, secuencias de v\u00eddeo y textos utilizados en todas las publicaciones, por utilizar im\u00e1genes, gr\u00e1ficos, documentos sonoros, secuencias de v\u00eddeo y textos creados por \u00e9l mismo o por hacer uso de gr\u00e1ficos, documentos sonoros, secuencias de v\u00eddeo y textos libres de licencia. Algunas de las im\u00e1genes utilizadas proceden de bases de datos de im\u00e1genes, cuyos derechos han sido adquiridos. Todas las marcas y marcas comerciales mencionadas en el sitio web y posiblemente protegidas por terceros est\u00e1n sujetas sin restricciones a las disposiciones del derecho de marcas aplicable y a los derechos de propiedad de los respectivos propietarios registrados. La mera menci\u00f3n de una marca no implica que no est\u00e9 protegida por derechos de terceros.  <br\/>Los derechos de autor de los objetos publicados creados por el propio autor pertenecen exclusivamente al autor de las p\u00e1ginas. Queda prohibida la reproducci\u00f3n o utilizaci\u00f3n de objetos como diagramas, sonidos o textos en otras publicaciones electr\u00f3nicas o impresas sin el consentimiento del autor. <\/p>\n\n<p><strong>Origen de las im\u00e1genes<\/strong><\/p>\n\n<p>Todas las im\u00e1genes proceden de nuestras propias fotograf\u00edas o tienen licencia de Shutterstock, Adobe Stock o Freepik y pueden utilizarse en este sitio web de acuerdo con la licencia adquirida.<\/p>\n\n<p><strong>Validez jur\u00eddica de esta cl\u00e1usula de exenci\u00f3n de responsabilidad<\/strong><\/p>\n\n<p>Esta exenci\u00f3n de responsabilidad debe considerarse parte de la publicaci\u00f3n en Internet desde la que se le ha remitido. Si algunas secciones o t\u00e9rminos individuales de esta declaraci\u00f3n no son legales o correctos, el contenido o la validez de las otras partes no se ver\u00e1n afectados por este hecho. <\/p>\n\n<p>V\u00e1lido a partir de noviembre de 2021<\/p>\n","protected":false},"excerpt":{"rendered":"<p>Propietaria: Nicola HieberM\u00fchlenweg 8, D-54597 Auw bei Pr\u00fcmTel.: +49 (0) 151 15898814E-Mail: info@die-pension-auw.de N\u00famero de identificaci\u00f3n a efectos del impuesto sobre el valor a\u00f1adido (de conformidad con el art\u00edculo 27 a de la Ley del impuesto sobre el valor a\u00f1adido)DE340875699 Responsable del contenido Nicola Hieber (direcci\u00f3n arriba indicada) Contenidos Todos los nombres, t\u00e9rminos, s\u00edmbolos y [&hellip;]<\/p>\n","protected":false},"author":1,"featured_media":0,"parent":0,"menu_order":0,"comment_status":"closed","ping_status":"closed","template":"","meta":{"_et_pb_use_builder":"off","_et_pb_old_content":"","_et_gb_content_width":"","footnotes":""},"class_list":["post-339","page","type-page","status-publish","hentry"],"_links":{"self":[{"href":"https:\/\/die-pension-auw.de\/es\/wp-json\/wp\/v2\/pages\/339","targetHints":{"allow":["GET"]}}],"collection":[{"href":"https:\/\/die-pension-auw.de\/es\/wp-json\/wp\/v2\/pages"}],"about":[{"href":"https:\/\/die-pension-auw.de\/es\/wp-json\/wp\/v2\/types\/page"}],"author":[{"embeddable":true,"href":"https:\/\/die-pension-auw.de\/es\/wp-json\/wp\/v2\/users\/1"}],"replies":[{"embeddable":true,"href":"https:\/\/die-pension-auw.de\/es\/wp-json\/wp\/v2\/comments?post=339"}],"version-history":[{"count":3,"href":"https:\/\/die-pension-auw.de\/es\/wp-json\/wp\/v2\/pages\/339\/revisions"}],"predecessor-version":[{"id":1929,"href":"https:\/\/die-pension-auw.de\/es\/wp-json\/wp\/v2\/pages\/339\/revisions\/1929"}],"wp:attachment":[{"href":"https:\/\/die-pension-auw.de\/es\/wp-json\/wp\/v2\/media?parent=339"}],"curies":[{"name":"wp","href":"https:\/\/api.w.org\/{rel}","templated":true}]}}

<p>Propietaria: Nicola Hieber<br/>Mühlenweg 8, D-54597 Auw bei Prüm<br/>Tel.: +49 (0) 151 15898814<br/>E-Mail: <a href="mailto:info@die-pension-auw.de" data-type="mailto" data-id="mailto:info@die-pension-auw.de">info@die-pension-auw.de</a></p>

<p><strong>Número de identificación a efectos del impuesto sobre el valor añadido</strong> (de conformidad con el artículo 27 a de la Ley del impuesto sobre el valor añadido)<br/>DE340875699</p>

<p><strong>Responsable del contenido</strong> <br/>Nicola Hieber (dirección arriba indicada)</p>

<p><strong>Contenidos</strong></p>

<p>Todos los nombres, términos, símbolos y gráficos utilizados aquí pueden ser marcas comerciales o marcas registradas en posesión de sus propietarios legales. El autor no asume ninguna responsabilidad por la actualidad, exactitud, integridad o calidad de la información facilitada. Quedan excluidas fundamentalmente las reclamaciones de responsabilidad contra el autor relativas a daños materiales o inmateriales causados por el uso o no uso de la información facilitada o por el uso de información incorrecta o incompleta, a menos que existan pruebas de dolo o negligencia grave por parte del autor. Todas las ofertas son sin compromiso y no vinculantes. El autor se reserva expresamente el derecho a modificar, completar o eliminar partes de las páginas o la oferta completa sin previo aviso o a suspender la publicación temporal o definitivamente.   </p>

<p><strong>Enlaces</strong></p>

<p>die-pension-auw.de contiene enlaces. En el caso de referencias directas o indirectas a páginas web externas («hipervínculos») que se encuentren fuera del ámbito de responsabilidad del autor, sólo entraría en vigor una obligación de responsabilidad en el caso de que el autor tuviera conocimiento de los contenidos y le fuera técnicamente posible y razonable impedir el uso en caso de contenidos ilegales. Por la presente, el autor declara expresamente que en el momento de crear los enlaces no era reconocible ningún contenido ilegal en las páginas enlazadas. El autor no tiene influencia alguna sobre el diseño actual y futuro, los contenidos o la autoría de las páginas enlazadas. Por ello, el autor se distancia expresamente de todos los contenidos de todas las páginas enlazadas que hayan sido modificados después de la creación del enlace. Esta declaración se aplica a todos los enlaces y referencias establecidos dentro de la propia página web del autor, así como a las entradas de terceros en libros de visitas, foros de discusión, directorios de enlaces, listas de correo y todas las demás formas de bases de datos creadas por el autor a cuyo contenido sea posible acceder mediante escritura externa. La responsabilidad por contenidos ilegales, incorrectos o incompletos y, en particular, por los daños derivados del uso o no uso de dicha información recae exclusivamente en el proveedor de la página a la que se hace referencia, y no en la persona que simplemente remite a la publicación respectiva a través de enlaces.     </p>

<p><strong>Concepto y diseño gráfico</strong><br/><a href="https://schneifel-media.de" data-type="URL" data-id="https://schneifel-media.de" target="_blank" rel="noreferrer noopener">Schneifel Media</a></p>

<p><strong>Realización técnica</strong><br/><a href="https://schneifel-media.de" data-type="URL" data-id="https://schneifel-media.de" target="_blank" rel="noopener">Schneifel Media</a></p>

<p><strong>Derecho de autor y marcas</strong></p>

<p>El autor se esfuerza por respetar los derechos de autor de las imágenes, gráficos, documentos sonoros, secuencias de vídeo y textos utilizados en todas las publicaciones, por utilizar imágenes, gráficos, documentos sonoros, secuencias de vídeo y textos creados por él mismo o por hacer uso de gráficos, documentos sonoros, secuencias de vídeo y textos libres de licencia. Algunas de las imágenes utilizadas proceden de bases de datos de imágenes, cuyos derechos han sido adquiridos. Todas las marcas y marcas comerciales mencionadas en el sitio web y posiblemente protegidas por terceros están sujetas sin restricciones a las disposiciones del derecho de marcas aplicable y a los derechos de propiedad de los respectivos propietarios registrados. La mera mención de una marca no implica que no esté protegida por derechos de terceros.  <br/>Los derechos de autor de los objetos publicados creados por el propio autor pertenecen exclusivamente al autor de las páginas. Queda prohibida la reproducción o utilización de objetos como diagramas, sonidos o textos en otras publicaciones electrónicas o impresas sin el consentimiento del autor. </p>

<p><strong>Origen de las imágenes</strong></p>

<p>Todas las imágenes proceden de nuestras propias fotografías o tienen licencia de Shutterstock, Adobe Stock o Freepik y pueden utilizarse en este sitio web de acuerdo con la licencia adquirida.</p>

<p><strong>Validez jurídica de esta cláusula de exención de responsabilidad</strong></p>

<p>Esta exención de responsabilidad debe considerarse parte de la publicación en Internet desde la que se le ha remitido. Si algunas secciones o términos individuales de esta declaración no son legales o correctos, el contenido o la validez de las otras partes no se verán afectados por este hecho. </p>

<p>Válido a partir de noviembre de 2021</p>

<p>Propietaria: Nicola HieberMühlenweg 8, D-54597 Auw bei PrümTel.: +49 (0) 151 15898814E-Mail: info@die-pension-auw.de Número de identificación a efectos del impuesto sobre el valor añadido (de conformidad con el artículo 27 a de la Ley del impuesto sobre el valor añadido)DE340875699 Responsable del contenido Nicola Hieber (dirección arriba indicada) Contenidos Todos los nombres, términos, símbolos y [&hellip;]</p>
