{"id":1971,"date":"2025-05-20T07:47:53","date_gmt":"2025-05-20T07:47:53","guid":{"rendered":"https:\/\/die-pension-auw.de\/events"},"modified":"2025-12-18T06:37:51","modified_gmt":"2025-12-18T06:37:51","slug":"events","status":"publish","type":"page","link":"https:\/\/die-pension-auw.de\/es\/events","title":{"rendered":"Events"},"content":{"rendered":"<p>[et_pb_section fb_built=\u00bb1&#8243; admin_label=\u00bbHeader\u00bb _builder_version=\u00bb4.27.4&#8243; use_background_color_gradient=\u00bbon\u00bb background_color_gradient_type=\u00bbcircular\u00bb background_color_gradient_direction_radial=\u00bbtop left\u00bb background_color_gradient_stops=\u00bbrgba(255,255,255,0.89) 30%|rgba(255,255,255,0) 80%\u00bb background_color_gradient_overlays_image=\u00bbon\u00bb background_color_gradient_start=\u00bbrgba(255,255,255,0.89)\u00bb background_color_gradient_start_position=\u00bb30%\u00bb background_color_gradient_end=\u00bbrgba(255,255,255,0)\u00bb background_color_gradient_end_position=\u00bb80%\u00bb background_image=\u00bbhttps:\/\/die-pension-auw.de\/wp-content\/uploads\/2024\/09\/scheune_komplett-scaled.jpg\u00bb custom_margin=\u00bb|||\u00bb custom_padding=\u00bb12vw|0px|8vw|0px|false|false\u00bb locked=\u00bboff\u00bb global_colors_info=\u00bb{}\u00bb][et_pb_row _builder_version=\u00bb4.16&#8243; global_colors_info=\u00bb{}\u00bb][et_pb_column type=\u00bb4_4&#8243; _builder_version=\u00bb4.16&#8243; custom_padding=\u00bb|||\u00bb global_colors_info=\u00bb{}\u00bb custom_padding__hover=\u00bb|||\u00bb][et_pb_text _builder_version=\u00bb4.27.4&#8243; text_font=\u00bb||||||||\u00bb header_font=\u00bbRaleway|700|||||||\u00bb header_font_size=\u00bb80px\u00bb header_line_height=\u00bb1.2em\u00bb header_5_font=\u00bbRaleway|700||on|||||\u00bb header_5_text_color=\u00bb#000000&#8243; header_5_font_size=\u00bb20px\u00bb header_5_letter_spacing=\u00bb0.5em\u00bb header_5_line_height=\u00bb1.8em\u00bb animation_style=\u00bbzoom\u00bb animation_intensity_zoom=\u00bb5%\u00bb header_font_size_tablet=\u00bb48px\u00bb header_font_size_phone=\u00bb32px\u00bb header_font_size_last_edited=\u00bbon|phone\u00bb header_5_font_size_tablet=\u00bb14px\u00bb header_5_font_size_phone=\u00bb12px\u00bb header_5_font_size_last_edited=\u00bbon|desktop\u00bb global_colors_info=\u00bb{}\u00bb]<\/p>\n<h5>Events<\/h5>\n<h1>Die Scheune<\/h1>\n<p>[\/et_pb_text][\/et_pb_column][\/et_pb_row][\/et_pb_section][et_pb_section fb_built=\u00bb1&#8243; admin_label=\u00bbHistory\u00bb _builder_version=\u00bb4.16&#8243; global_colors_info=\u00bb{}\u00bb][et_pb_row _builder_version=\u00bb4.16&#8243; locked=\u00bboff\u00bb global_colors_info=\u00bb{}\u00bb][et_pb_column type=\u00bb4_4&#8243; _builder_version=\u00bb4.16&#8243; custom_padding=\u00bb|||\u00bb global_colors_info=\u00bb{}\u00bb custom_padding__hover=\u00bb|||\u00bb][et_pb_text _builder_version=\u00bb4.27.4&#8243; text_font=\u00bb||||||||\u00bb header_font=\u00bb||||||||\u00bb header_2_font=\u00bbRaleway|700|||||||\u00bb header_2_line_height=\u00bb1.2em\u00bb header_6_font=\u00bbRaleway|700||on|||||\u00bb global_colors_info=\u00bb{}\u00bb]<\/p>\n<h6>Veranstaltungen<\/h6>\n<h2>Die Location<\/h2>\n<div>\n<div>Unsere liebevoll renovierte Scheune bietet auf rund 130\u202fm\u00b2 den idealen Rahmen f\u00fcr unvergessliche Veranstaltungen mit bis zu 25 Personen. Ob Familienfeier, Firmenevent, Seminar oder Workshop \u2013 hier finden Sie die perfekte Mischung aus rustikalem Charme und moderner Ausstattung.<\/div>\n<div><\/div>\n<div>Genie\u00dfen Sie die entspannte Atmosph\u00e4re und die vielseitigen Nutzungsm\u00f6glichkeiten. F\u00fcr mehrt\u00e4gige Veranstaltungen stehen auf Wunsch unsere \u00dcbernachtungsm\u00f6glichkeiten zur Verf\u00fcgung.<\/div>\n<div>Kulinarisch organisieren wir Ihnen gerne ein individuelles Catering ganz nach Ihren Vorstellungen.<\/div>\n<div><\/div>\n<div>Ihre Vorteile auf einen Blick:<\/div>\n<ul>\n<li><span>130\u202fm\u00b2 Veranstaltungsfl\u00e4che f\u00fcr bis zu 25 Personen<\/span><\/li>\n<li><span>Geeignet f\u00fcr Familienfeiern, Firmenveranstaltungen &amp; Seminare<\/span><\/li>\n<li><span>\u00dcbernachtungsm\u00f6glichkeiten auf Anfrage<\/span><\/li>\n<li><span>Flexibles Catering nach Ihren W\u00fcnschen<\/span><\/li>\n<li><span>Idyllische Lage im Gr\u00fcnen<\/span><\/li>\n<li><span>Parkpl\u00e4tze direkt vor Ort<\/span><\/li>\n<\/ul>\n<div>Wir freuen uns darauf, Ihre Veranstaltung zu einem besonderen Erlebnis zu machen!<\/div>\n<div>Kontaktieren Sie uns gerne f\u00fcr ein individuelles Angebot.<\/div>\n<\/div>\n<p>[\/et_pb_text][\/et_pb_column][\/et_pb_row][et_pb_row use_custom_gutter=\u00bbon\u00bb gutter_width=\u00bb2&#8243; _builder_version=\u00bb4.27.2&#8243; global_colors_info=\u00bb{}\u00bb][et_pb_column type=\u00bb4_4&#8243; _builder_version=\u00bb4.16&#8243; custom_padding=\u00bb|||\u00bb global_colors_info=\u00bb{}\u00bb custom_padding__hover=\u00bb|||\u00bb][et_pb_gallery gallery_ids=\u00bb1948,1953,1958,1963,2121,2120,2119&#8243; fullwidth=\u00bbon\u00bb _builder_version=\u00bb4.27.5&#8243; _module_preset=\u00bbdefault\u00bb custom_margin=\u00bb||4vw||false|false\u00bb mix_blend_mode=\u00bbsoft-light\u00bb hover_enabled=\u00bb0&#8243; global_colors_info=\u00bb{%22gcid-primary-color%22:%91%22hover_overlay_color%22%93}\u00bb sticky_enabled=\u00bb0&#8243;][\/et_pb_gallery][\/et_pb_column][\/et_pb_row][\/et_pb_section]<\/p>\n","protected":false},"excerpt":{"rendered":"<p>Events Die ScheuneVeranstaltungen Die Location Unsere liebevoll renovierte Scheune bietet auf rund 130\u202fm\u00b2 den idealen Rahmen f\u00fcr unvergessliche Veranstaltungen mit bis zu 25 Personen. Ob Familienfeier, Firmenevent, Seminar oder Workshop \u2013 hier finden Sie die perfekte Mischung aus rustikalem Charme und moderner Ausstattung. Genie\u00dfen Sie die entspannte Atmosph\u00e4re und die vielseitigen Nutzungsm\u00f6glichkeiten. F\u00fcr mehrt\u00e4gige Veranstaltungen [&hellip;]<\/p>\n","protected":false},"author":1,"featured_media":0,"parent":0,"menu_order":0,"comment_status":"closed","ping_status":"closed","template":"","meta":{"_et_pb_use_builder":"on","_et_pb_old_content":"","_et_gb_content_width":"","footnotes":""},"class_list":["post-1971","page","type-page","status-publish","hentry"],"_links":{"self":[{"href":"https:\/\/die-pension-auw.de\/es\/wp-json\/wp\/v2\/pages\/1971","targetHints":{"allow":["GET"]}}],"collection":[{"href":"https:\/\/die-pension-auw.de\/es\/wp-json\/wp\/v2\/pages"}],"about":[{"href":"https:\/\/die-pension-auw.de\/es\/wp-json\/wp\/v2\/types\/page"}],"author":[{"embeddable":true,"href":"https:\/\/die-pension-auw.de\/es\/wp-json\/wp\/v2\/users\/1"}],"replies":[{"embeddable":true,"href":"https:\/\/die-pension-auw.de\/es\/wp-json\/wp\/v2\/comments?post=1971"}],"version-history":[{"count":12,"href":"https:\/\/die-pension-auw.de\/es\/wp-json\/wp\/v2\/pages\/1971\/revisions"}],"predecessor-version":[{"id":2134,"href":"https:\/\/die-pension-auw.de\/es\/wp-json\/wp\/v2\/pages\/1971\/revisions\/2134"}],"wp:attachment":[{"href":"https:\/\/die-pension-auw.de\/es\/wp-json\/wp\/v2\/media?parent=1971"}],"curies":[{"name":"wp","href":"https:\/\/api.w.org\/{rel}","templated":true}]}}

<p>[et_pb_section fb_built=»1&#8243; admin_label=»Header» _builder_version=»4.27.4&#8243; use_background_color_gradient=»on» background_color_gradient_type=»circular» background_color_gradient_direction_radial=»top left» background_color_gradient_stops=»rgba(255,255,255,0.89) 30%|rgba(255,255,255,0) 80%» background_color_gradient_overlays_image=»on» background_color_gradient_start=»rgba(255,255,255,0.89)» background_color_gradient_start_position=»30%» background_color_gradient_end=»rgba(255,255,255,0)» background_color_gradient_end_position=»80%» background_image=»https://die-pension-auw.de/wp-content/uploads/2024/09/scheune_komplett-scaled.jpg» custom_margin=»|||» custom_padding=»12vw|0px|8vw|0px|false|false» locked=»off» global_colors_info=»{}»][et_pb_row _builder_version=»4.16&#8243; global_colors_info=»{}»][et_pb_column type=»4_4&#8243; _builder_version=»4.16&#8243; custom_padding=»|||» global_colors_info=»{}» custom_padding__hover=»|||»][et_pb_text _builder_version=»4.27.4&#8243; text_font=»||||||||» header_font=»Raleway|700|||||||» header_font_size=»80px» header_line_height=»1.2em» header_5_font=»Raleway|700||on|||||» header_5_text_color=»#000000&#8243; header_5_font_size=»20px» header_5_letter_spacing=»0.5em» header_5_line_height=»1.8em» animation_style=»zoom» animation_intensity_zoom=»5%» header_font_size_tablet=»48px» header_font_size_phone=»32px» header_font_size_last_edited=»on|phone» header_5_font_size_tablet=»14px» header_5_font_size_phone=»12px» header_5_font_size_last_edited=»on|desktop» global_colors_info=»{}»]</p>
<h5>Events</h5>
<h1>Die Scheune</h1>
<p>[/et_pb_text][/et_pb_column][/et_pb_row][/et_pb_section][et_pb_section fb_built=»1&#8243; admin_label=»History» _builder_version=»4.16&#8243; global_colors_info=»{}»][et_pb_row _builder_version=»4.16&#8243; locked=»off» global_colors_info=»{}»][et_pb_column type=»4_4&#8243; _builder_version=»4.16&#8243; custom_padding=»|||» global_colors_info=»{}» custom_padding__hover=»|||»][et_pb_text _builder_version=»4.27.4&#8243; text_font=»||||||||» header_font=»||||||||» header_2_font=»Raleway|700|||||||» header_2_line_height=»1.2em» header_6_font=»Raleway|700||on|||||» global_colors_info=»{}»]</p>
<h6>Veranstaltungen</h6>
<h2>Die Location</h2>
<div>
<div>Unsere liebevoll renovierte Scheune bietet auf rund 130 m² den idealen Rahmen für unvergessliche Veranstaltungen mit bis zu 25 Personen. Ob Familienfeier, Firmenevent, Seminar oder Workshop – hier finden Sie die perfekte Mischung aus rustikalem Charme und moderner Ausstattung.</div>
<div></div>
<div>Genießen Sie die entspannte Atmosphäre und die vielseitigen Nutzungsmöglichkeiten. Für mehrtägige Veranstaltungen stehen auf Wunsch unsere Übernachtungsmöglichkeiten zur Verfügung.</div>
<div>Kulinarisch organisieren wir Ihnen gerne ein individuelles Catering ganz nach Ihren Vorstellungen.</div>
<div></div>
<div>Ihre Vorteile auf einen Blick:</div>
<ul>
<li><span>130 m² Veranstaltungsfläche für bis zu 25 Personen</span></li>
<li><span>Geeignet für Familienfeiern, Firmenveranstaltungen &amp; Seminare</span></li>
<li><span>Übernachtungsmöglichkeiten auf Anfrage</span></li>
<li><span>Flexibles Catering nach Ihren Wünschen</span></li>
<li><span>Idyllische Lage im Grünen</span></li>
<li><span>Parkplätze direkt vor Ort</span></li>
</ul>
<div>Wir freuen uns darauf, Ihre Veranstaltung zu einem besonderen Erlebnis zu machen!</div>
<div>Kontaktieren Sie uns gerne für ein individuelles Angebot.</div>
</div>
<p>[/et_pb_text][/et_pb_column][/et_pb_row][et_pb_row use_custom_gutter=»on» gutter_width=»2&#8243; _builder_version=»4.27.2&#8243; global_colors_info=»{}»][et_pb_column type=»4_4&#8243; _builder_version=»4.16&#8243; custom_padding=»|||» global_colors_info=»{}» custom_padding__hover=»|||»][et_pb_gallery gallery_ids=»1948,1953,1958,1963,2121,2120,2119&#8243; fullwidth=»on» _builder_version=»4.27.5&#8243; _module_preset=»default» custom_margin=»||4vw||false|false» mix_blend_mode=»soft-light» hover_enabled=»0&#8243; global_colors_info=»{%22gcid-primary-color%22:%91%22hover_overlay_color%22%93}» sticky_enabled=»0&#8243;][/et_pb_gallery][/et_pb_column][/et_pb_row][/et_pb_section]</p>

<p>Events Die ScheuneVeranstaltungen Die Location Unsere liebevoll renovierte Scheune bietet auf rund 130 m² den idealen Rahmen für unvergessliche Veranstaltungen mit bis zu 25 Personen. Ob Familienfeier, Firmenevent, Seminar oder Workshop – hier finden Sie die perfekte Mischung aus rustikalem Charme und moderner Ausstattung. Genießen Sie die entspannte Atmosphäre und die vielseitigen Nutzungsmöglichkeiten. Für mehrtägige Veranstaltungen [&hellip;]</p>
